is 1 + 2b54a79?
2b54a7a
In base 6, what is 1443350131 + 4?
1443350135
In base 11, what is 2 + 7a857892?
7a857894
In base 2, what is 10011 - 100011000111111101101?
-100011000111111011010
In base 4, what is -13310313010 + -222?
-13310313232
In base 4, what is -12020 + 13111032?
13033012
In base 3, what is 211211001 + 110000?
212021001
In base 15, what is 28abd6 - 6?
28abd0
In base 10, what is 228 + 3677?
3905
In base 14, what is a7d + -59b0?
-4d31
In base 13, what is -7 + 842ab72?
842ab68
In base 2, what is -10110111010011101011011 - -1111?
-10110111010011101001100
In base 9, what is 12068374 - -23?
12068407
In base 5, what is 1011244400 + 241?
1011300141
In base 5, what is 211 + 2130332220?
2130332431
In base 12, what is -277a81 - -71?
-277a10
In base 16, what is -eb - 9e26?
-9f11
In base 9, what is 130725160 + -4?
130725155
In base 3, what is -12210 + -1012022122?
-1012112102
In base 16, what is 1425 - -cc2?
20e7
In base 9, what is -172 - -10225328?
10225146
In base 12, what is -2b8331 + 56?
-2b8297
In base 13, what is 98858 + 454?
98cac
In base 11, what is 533637 - 68?
53357a
In base 2, what is -101 - -111110011110101110011?
111110011110101101110
In base 4, what is 301 - 22113333110?
-22113332203
In base 7, what is 24541 + -10442?
14066
In base 15, what is -30d - 42a5?
-45b3
In base 6, what is 44333201 + 52?
44333253
In base 15, what is 77 - 1b586d?
-1b57e6
In base 14, what is -2 - -84457?
84455
In base 13, what is -65c91 - -2a?
-65c64
In base 12, what is 19344 + 2b8?
19640
In base 3, what is -2210212 + -21121012?
-101102001
In base 15, what is -5 - -e8b2d5?
e8b2d0
In base 4, what is -2103032 + -2110?
-2111202
In base 9, what is 60138358 - -2?
60138361
In base 9, what is 1242 + 8246?
10488
In base 8, what is -35 - -2106132?
2106075
In base 15, what is 11 + -aa46?
-aa35
In base 9, what is -1 + -11553371?
-11553372
In base 8, what is 7 + -6417062?
-6417053
In base 9, what is -64 - -2525341?
2525266
In base 11, what is -1139255a + -4?
-11392563
In base 13, what is 24 - -22c293?
22c2b7
In base 15, what is 0 - -44aca8?
44aca8
In base 12, what is -10a08 - -146?
-10882
In base 8, what is 46373565 + -56?
46373507
In base 13, what is -172232 - 1ba?
-17241c
In base 14, what is -159407 + -db?
-159504
In base 9, what is 528544 + -777?
527656
In base 10, what is 8276437 - 0?
8276437
In base 10, what is 84 + -858524?
-858440
In base 6, what is -22142230 - -125?
-22142101
In base 8, what is -2 - -15067052?
15067050
In base 8, what is 265 + 12210?
12475
In base 12, what is -8907 - -1a2?
-8725
In base 12, what is -3242 - -1183?
-207b
In base 7, what is -10356625 - -122?
-10356503
In base 2, what is 101 - -1100110110001110001101000001?
1100110110001110001101000110
In base 13, what is 2 - -1bc7907?
1bc7909
In base 10, what is -9 + -72018?
-72027
In base 10, what is 421970 - 61?
421909
In base 9, what is -84 + 1027614?
1027520
In base 5, what is 2 - -103300423311?
103300423313
In base 4, what is -120 + 2012223210233?
2012223210113
In base 15, what is -1006 + 701?
-805
In base 10, what is -3 + -20280830?
-20280833
In base 13, what is -3b8b97c + 8?
-3b8b974
In base 6, what is -1214 - 1213242?
-1214500
In base 6, what is -14551542202 + -4?
-14551542210
In base 11, what is -1715 - -39515?
37900
In base 15, what is 19 - 97d76?
-97d5c
In base 14, what is -2139b6 - -d?
-2139a7
In base 4, what is -102223020321 + -102?
-102223021023
In base 16, what is -5a0 - 3b70?
-4110
In base 6, what is -213 - -224450424?
224450211
In base 6, what is -2 - -444103412?
444103410
In base 15, what is 4d9873e + 2?
4d98741
In base 4, what is 100033103132 - -11?
100033103203
In base 13, what is -2 + -1964204?
-1964206
In base 11, what is -a8a78 + -1?
-a8a79
In base 5, what is -323130 + -11314042?
-12142222
In base 7, what is -31 + 11636244?
11636213
In base 3, what is -1211020 - -1111000000?
1102011210
In base 11, what is -40235 - -1251?
-39a94
In base 3, what is -1110211211 - 20201?
-1111002112
In base 16, what is d21 + -16994?
-15c73
In base 12, what is -1aba - -2245?
347
In base 14, what is 17 - -38bc655?
38bc66c
In base 4, what is 1013 - 33232231?
-33231212
In base 13, what is -4 + 549acc?
549ac8
In base 10, what is -2685 + -16233?
-18918
In base 2, what is -10001 + 111000110100100110?
111000110100010101
In base 13, what is 6 - 112a4304?
-112a42cb
In base 3, what is -1211211211002021 - -2?
-1211211211002012
In base 14, what is -2c2671 + 27?
-2c2648
In base 5, what is -10 - -1232244244?
1232244234
In base 16, what is -1 + 10f13a?
10f139
In base 13, what is -9c28392 + -13?
-9c283a5
In base 10, what is 2122940 + 23?
2122963
In base 8, what is 4633423 + 1?
4633424
In base 12, what is -15900b54 + 5?
-15900b4b
In base 8, what is -5223150 - 211?
-5223361
In base 11, what is -1716 + -8742?
-a358
In base 16, what is -30ac60 - 1?
-30ac61
In base 16, what is 1be8f + -cd8?
1b1b7
In base 14, what is 11c4298 - -6?
11c42a0
In base 8, what is -2231 - -531323?
527072
In base 11, what is 330 + aa033?
aa363
In base 15, what is 3d7 - 1c73?
-188b
In base 13, what is 4 - 47354?
-47350
In base 9, what is -177635080 - 2?
-177635082
In base 2, what is 10 + 110101010000000100010?
110101010000000100100
In base 9, what is 4 - -2165363?
2165367
In base 11, what is -16a - -a2a34?
a2875
In base 12, what is -2 - 4980a5?
-4980a7
In base 15, what is 1d285 + -6c?
1d218
In base 9, what is 243848 + 28?
243877
In base 9, what is 2133 - 2760?
-626
In base 16, what is -a + 5f362a3?
5f36299
In base 14, what is 185 - 6dc6?
-6c41
In base 3, what is 100221111222200 + -122?
100221111222001
In base 3, what is 2011222222121211 + 101?
2011222222122012
In base 8, what is 13 - 55234167?
-55234154
In base 12, what is -2184 + -11b8?
-3380
In base 16, what is 5a2e + 20?
5a4e
In base 8, what is 3 - -1204325100?
1204325103
In base 14, what is d - 3723b5?
-3723a6
In base 2, what is -100111111011101 + -10001000111?
-101010000100100
In base 2, what is -10010010 - 1011011000?
-1101101010
In base 14, what is -4c7c2c + 63?
-4c7ba9
In base 12, what is a5b585 + -57?
a5b52a
In base 8, what is 12615622 - 115?
12615505
In base 15, what is -9 - 15a0e?
-15a18
In base 16, what is -17 + -18fb7e?
-18fb95
In base 12, what is -8 + 1479732?
1479726
In base 9, what is 1422 - 46532?
-45110
In base 4, what is -1 + 10101332101112?
10101332101111
In base 14, what is -10a - -1320ac?
131da2
In base 15, what is 32 - bc9435?
-bc9403
In base 10, what is -961231 + -242?
-961473
In base 13, what is 15340 + -51?
152bc
In base 10, what is -2400 - 230803?
-233203
In base 5, what is -1401134300 - -13?
-1401134232
In base 8, what is 105 - -241171?
241276
In base 3, what is 1112110120 + 102100?
1112212220
In base 7, what is -313612 + -103?
-314015
In base 8, what is -1417242215 - -2?
-1417242213
In base 11, what is 1556 + 72a?
2185
In base 2, what is -1000100101011000001011 - 1110100?
-1000100101011001111111
In base 12, what is 3532091 + -1?
3532090
In base 3, what is -212200 - -112201201212?
112200212012
In base 3, what is 111122001 + 11021?
111210022
In base 12, what is 8a6a + -332?
8738
In base 4, what is -22300130 - -3222203?
-13011321
In base 16, what is -957e - 5e0?
-9b5e
In base 3, what is 22 + -120002111020?
-120002110221
In base 12, what is 20 - 8b95?
-8b75
In base 4, what is -331031031 - 122?
-331031213
In base 10, what is -11067898 + 3?
-11067895
In base 12, what is 16 - -92b627?
92b641
In base 16, what is 148 + -a6cd?
-a585
In base 5, what is 1 - -40030231420?
40030231421
In base 14, what is -5aaac + 61?
-5aa4b
In base 8, what is -467537413 + 3?
-467537410
In base 7, what is 131 - -6265533?
6265664
In base 16, what is 6 + -2c02286?
-2c02280
In base 14, what is -8b51b87 + -9?
-8b51b92
In base 11, what is 29585157 - -2?
29585159
In base 6, what is -10022 - -40533?
30511
In base 7, what is 123055254 - -21?
123055305
In base 14, what is -6bb1 - 49b?
-726c
In base 13, what is 47877 + bb?
47965
In base 6, what is -2 - 202451141?
-202451143
In base 12, what is 2469154 - 1?
2469153
In base 6, what is -4 + -21123245?
-21123253
In base 3, what is 2 + 10022210221112012?
10022210221112021
In base 5, what is -213231 + 20234?
-142442
In base 4, what is 311020211 + -3321?
311010230
In base 6, what is -215401242 + -43?
-215401325
In base 6, what is -114 - 4453?
-5011
In base 1